{"id":118,"date":"2025-10-24T10:06:47","date_gmt":"2025-10-24T08:06:47","guid":{"rendered":"https:\/\/expertisedevistravaux.com\/?page_id=118"},"modified":"2025-10-24T10:06:47","modified_gmt":"2025-10-24T08:06:47","slug":"qui-sommes-nous","status":"publish","type":"page","link":"https:\/\/expertisedevistravaux.com\/index.php\/qui-sommes-nous\/","title":{"rendered":"Qui sommes nous"},"content":{"rendered":"\n<h2 class=\"wp-block-heading\" id=\"block-57e7a543-40cb-401d-a7eb-26320743c0e1\"><strong>Qui sommes-nous ?<\/strong><\/h2>\n\n\n\n<p id=\"block-904563b7-d377-45dd-b188-14f227a1c390\">Chez <strong>ExpertiseDevisTravaux<\/strong>, nous sommes une \u00e9quipe d\u2019experts passionn\u00e9s par la transparence et la clart\u00e9 dans le domaine des travaux. Nous savons que recevoir plusieurs devis peut vite devenir complexe et stressant, surtout lorsqu\u2019on n\u2019a pas de comp\u00e9tences techniques pour les comparer. C\u2019est pourquoi nous avons cr\u00e9\u00e9 un service simple, rapide et fiable pour vous accompagner dans vos d\u00e9cisions.<\/p>\n\n\n\n<p id=\"block-ed5a2acc-f477-426e-83d8-755025dc6c4d\">Notre mission est de vous <strong>faire gagner du temps, \u00e9viter les erreurs co\u00fbteuses et vous donner la confiance n\u00e9cessaire pour choisir le bon professionnel<\/strong>. Nous analysons vos devis \u00e0 distance, en prenant en compte la qualit\u00e9, la coh\u00e9rence et le rapport qualit\u00e9\/prix de chaque offre. Chaque rapport d\u2019analyse que nous fournissons est clair, d\u00e9taill\u00e9 et accompagn\u00e9 de recommandations personnalis\u00e9es adapt\u00e9es \u00e0 votre projet.<\/p>\n\n\n\n<p id=\"block-7030dfd2-eb90-4709-9653-9cd19dfd72a9\">Nous attachons une grande importance \u00e0 <strong>l\u2019ind\u00e9pendance et la neutralit\u00e9<\/strong> : nous n\u2019avons aucun lien avec les artisans ou entreprises dont nous analysons les devis. Cela nous permet de vous offrir un avis objectif, impartial et enti\u00e8rement centr\u00e9 sur vos besoins.<\/p>\n\n\n\n<p id=\"block-9b14ee94-2de5-4798-b5a7-34fdbc1025d9\">En choisissant <strong>ExpertiseDevisTravaux<\/strong>, vous b\u00e9n\u00e9ficiez d\u2019un <strong>accompagnement personnalis\u00e9<\/strong>, accessible \u00e0 tous, m\u00eame si vous n\u2019avez aucune exp\u00e9rience dans le domaine des travaux. Notre \u00e9quipe est disponible pour r\u00e9pondre \u00e0 vos questions, vous guider dans le processus et s\u2019assurer que vous puissiez prendre vos d\u00e9cisions avec s\u00e9r\u00e9nit\u00e9.<\/p>\n\n\n\n<p id=\"block-01c24256-e8c2-4de4-99fc-f82057ef042f\">Notre engagement : <strong>clarifier, comparer, conseiller<\/strong>. Parce que chaque projet m\u00e9rite une analyse professionnelle et des choix \u00e9clair\u00e9s.<\/p>\n\n\n\n<h2 class=\"wp-block-heading\" id=\"block-2ce74e75-6b8f-44e5-a9e9-a86d494c9c8b\">A propos de nous<\/h2>\n\n\n\n<p id=\"block-5c799680-4a81-4929-bf0a-16a0be52467f\">Chez <strong>ExpertiseDevisTravaux<\/strong>, nous aidons particuliers et professionnels \u00e0 comparer leurs devis en toute simplicit\u00e9.<br>Nos experts analysent vos documents et vous fournissent un <strong>rapport clair avec des conseils personnalis\u00e9s<\/strong>, m\u00eame si vous n\u2019avez aucune comp\u00e9tence technique.<br><strong>Gagnez du temps, \u00e9conomisez de l\u2019argent et prenez vos d\u00e9cisions en toute confiance.<\/strong><\/p>\n","protected":false},"excerpt":{"rendered":"<p>Qui sommes-nous ? Chez ExpertiseDevisTravaux, nous sommes une \u00e9quipe d\u2019experts passionn\u00e9s par la transparence et [&hellip;]<\/p>\n","protected":false},"author":1,"featured_media":0,"parent":0,"menu_order":0,"comment_status":"closed","ping_status":"closed","template":"","meta":{"footnotes":""},"class_list":["post-118","page","type-page","status-publish","hentry"],"_links":{"self":[{"href":"https:\/\/expertisedevistravaux.com\/index.php\/wp-json\/wp\/v2\/pages\/118","targetHints":{"allow":["GET"]}}],"collection":[{"href":"https:\/\/expertisedevistravaux.com\/index.php\/wp-json\/wp\/v2\/pages"}],"about":[{"href":"https:\/\/expertisedevistravaux.com\/index.php\/wp-json\/wp\/v2\/types\/page"}],"author":[{"embeddable":true,"href":"https:\/\/expertisedevistravaux.com\/index.php\/wp-json\/wp\/v2\/users\/1"}],"replies":[{"embeddable":true,"href":"https:\/\/expertisedevistravaux.com\/index.php\/wp-json\/wp\/v2\/comments?post=118"}],"version-history":[{"count":1,"href":"https:\/\/expertisedevistravaux.com\/index.php\/wp-json\/wp\/v2\/pages\/118\/revisions"}],"predecessor-version":[{"id":120,"href":"https:\/\/expertisedevistravaux.com\/index.php\/wp-json\/wp\/v2\/pages\/118\/revisions\/120"}],"wp:attachment":[{"href":"https:\/\/expertisedevistravaux.com\/index.php\/wp-json\/wp\/v2\/media?parent=118"}],"curies":[{"name":"wp","href":"https:\/\/api.w.org\/{rel}","templated":true}]}}